) to base 7
-30021
Convert 1223 (base 9) to base 6.
4120
What is -b1d (base 15) in base 6?
-15331
What is 729 (base 14) in base 9?
1835
What is 2a4 (base 12) in base 3?
120021
What is 1202312 (base 4) in base 13?
2b58
Convert 1124 (base 5) to base 3.
20002
Convert 10101000100101 (base 2) to base 14.
3d09
200012 (base 3) to base 15
22b
What is 11023330 (base 4) in base 9?
32124
dbb (base 16) to base 13
17a5
Convert -1015 (base 7) to base 15.
-18a
433 (base 6) to base 7
324
What is -525 (base 14) in base 8?
-1765
101001101101010 (base 2) to base 4
11031222
Convert 11343 (base 5) to base 14.
448
Convert -100330 (base 5) to base 7.
-12242
-6931 (base 10) to base 13
-3202
What is -7b (base 14) in base 2?
-1101101
-2049 (base 13) to base 9
-6100
What is -1011220112 (base 3) in base 9?
-34815
What is 101100100 (base 2) in base 11?
2a4
What is 266 (base 11) in base 8?
472
Convert -405 (base 10) to base 2.
-110010101
Convert -21201101 (base 3) to base 5.
-140001
What is -6a63 (base 15) in base 12?
-110a9
-11100111001 (base 2) to base 16
-739
Convert 110143 (base 5) to base 15.
11d3
Convert 101012302 (base 4) to base 5.
4220231
Convert 11313 (base 5) to base 14.
437
-8270 (base 11) to base 15
-33b2
Convert -7566 (base 14) to base 8.
-47466
13122 (base 4) to base 5
3344
Convert -1211211 (base 3) to base 9.
-1754
What is -10000101011100 (base 2) in base 10?
-8540
Convert 995 (base 10) to base 14.
511
What is 1000011 (base 2) in base 5?
232
11221002 (base 4) to base 14
85c6
-103020 (base 4) to base 16
-4c8
Convert 8918 (base 16) to base 5.
2110341
What is 1101 (base 4) in base 9?
100
What is -1404a (base 12) in base 3?
-1102000011
Convert b28b (base 14) to base 6.
354043
Convert -836 (base 16) to base 3.
-2212212
Convert -103100 (base 4) to base 15.
-572
-1dca (base 15) to base 10
-6490
-197 (base 13) to base 16
-125
What is -2261 (base 7) in base 10?
-827
What is 2033003 (base 5) in base 14?
c2d1
What is -462 (base 10) in base 14?
-250
ad (base 16) to base 7
335
-1064 (base 14) to base 11
-2145
Convert 101110 (base 6) to base 11.
6044
Convert -118 (base 9) to base 10.
-98
Convert -24 (base 8) to base 16.
-14
What is -5641 (base 7) in base 3?
-2210111
What is 159 (base 11) in base 15?
c5
220233 (base 4) to base 2
101000101111
What is -53e (base 16) in base 10?
-1342
What is 6597 (base 12) in base 13?
513a
Convert 121247 (base 8) to base 4.
22022213
Convert 1550 (base 9) to base 11.
982
Convert -658 (base 10) to base 15.
-2dd
Convert 1989b (base 12) to base 8.
111267
Convert 1467 (base 10) to base 8.
2673
What is -2850 (base 14) in base 13?
-3322
What is -30551 (base 7) in base 11?
-5694
What is 401042 (base 5) in base 15?
3b32
-20001212 (base 4) to base 2
-1000000001100110
What is 312 (base 11) in base 12?
274
-3632 (base 9) to base 16
-a8e
-3931 (base 14) to base 3
-111202211
What is -12540 (base 7) in base 8?
-6440
-631 (base 11) to base 6
-3304
-1412 (base 6) to base 8
-560
Convert -17a1 (base 16) to base 9.
-8261
Convert 1547 (base 16) to base 7.
21611
7d (base 15) to base 4
1312
-1397 (base 10) to base 12
-985
-449 (base 11) to base 9
-656
Convert 21a4 (base 11) to base 7.
11306
302042 (base 6) to base 15
70ab
5278 (base 9) to base 2
111100100110
Convert 127676 (base 8) to base 15.
d4e5
1001010101101 (base 2) to base 12
2925
Convert -1244120 (base 5) to base 11.
-17796
What is -144004 (base 6) in base 8?
-33004
-9084 (base 10) to base 9
-13413
What is -11a2 (base 11) in base 6?
-11124
What is -435 (base 9) in base 7?
-1016
Convert -33321 (base 4) to base 3.
-1101200
What is 13312 (base 5) in base 9?
1432
What is 1001001011010 (base 2) in base 5?
122243
What is -125d (base 15) in base 16?
-f49
1220022011 (base 3) to base 5
2144044
What is 3242 (base 5) in base 4?
12333
What is -1358 (base 10) in base 12?
-952
-39ef (base 16) to base 10
-14831
Convert -28930 (base 10) to base 16.
-7102
What is 325c (base 15) in base 10?
10662
740 (base 10) to base 4
23210
Convert -5037 (base 13) to base 4.
-2230113
10222001 (base 3) to base 10
2890
What is 265 (base 10) in base 3?
100211
What is 2056 (base 7) in base 15?
337
63 (base 15) to base 7
162
What is -2340b (base 12) in base 10?
-47243
1013103 (base 5) to base 8
40415
What is ab0 (base 14) in base 8?
4102
Convert 657 (base 10) to base 3.
220100
What is -821 (base 10) in base 11?
-687
Convert -312 (base 12) to base 15.
-1eb
Convert -4a8 (base 12) to base 2.
-1011000000
Convert c066 (base 13) to base 15.
7c83
1d0 (base 14) to base 7
1050
Convert 1a54 (base 12) to base 11.
2479
-20132133 (base 4) to base 6
-424423
Convert -b39 (base 12) to base 13.
-984
What is 260 (base 8) in base 10?
176
2201020 (base 3) to base 10
1977
What is 10010110010111 (base 2) in base 4?
2112113
What is 1241 (base 7) in base 5?
3340
What is 220441 (base 7) in base 10?
38641
86707 (base 9) to base 14
16d08
5676 (base 10) to base 6
42140
Convert -301142 (base 5) to base 2.
-10010101001011
Convert -411041 (base 5) to base 7.
-53456
-6642 (base 8) to base 13
-1786
What is -110021 (base 3) in base 16?
-14b
-411131 (base 5) to base 13
-6085
What is 101110111 (base 2) in base 13?
22b
Convert -11100010101001 (base 2) to base 12.
-8489
Convert -3332 (base 11) to base 10.
-4391
-20204 (base 5) to base 12
-908
-a0a (base 11) to base 4
-103010
-2ce9 (base 16) to base 11
-8702
-73b (base 14) to base 15
-650
-51 (base 11) to base 4
-320
-1498 (base 13) to base 15
-d4d
11101100011 (base 2) to base 11
146a
What is 262021 (base 7) in base 15?
e681
-1021003 (base 4) to base 12
-2857
What is -2740 (base 8) in base 16?
-5e0
Convert -25 (base 15) to base 6.
-55
What is -1037 (base 14) in base 3?
-10211110
-1621 (base 8) to base 7
-2443
Convert 1412 (base 10) to base 7.
4055
Convert -2399 (base 11) to base 6.
-22301
Convert 1000011000001101 (base 2) to base 14.
c713
Convert 519 (base 14) to base 16.
3eb
Convert -4102 (base 7) to base 6.
-10331
200221 (base 3) to base 13
304
What is 1413 (base 6) in base 8?
561
What is -9661 (base 14) in base 13?
-ba79
Convert -a67 (base 12) to base 2.
-10111101111
-c01 (base 15) to base 13
-12ca
What is 20154 (base 6) in base 5?
41122
What is -26345 (base 7) in base 12?
-40a8
What is -288 (base 9) in base 10?
-242
Convert -1146 (base 8) to base 3.
-211202
What is 341a (base 12) in base 5?
141112
Convert -92f (base 16) to base 8.
-4457
Convert -1076 (base 8) to base 6.
-2354
What is a755 (base 14) in base 10?
28887
What is -10424 (base 7) in base 2?
-101000110111
What is -3452 (base 6) in base 2?
-1100111000
-7854 (base 9) to base 4
-1122220
Convert 100111001010001 (base 2) to base 3.
1000111120
What is 6a6 (base 15) in base 2?
10111100010
14425 (base 6) to base 12
1415
Convert -1aa2 (base 16) to base 2.
-1101010100010
-1511 (base 8) to base 4
-31021
-21312 (base 6) to base 7
-11345
What is -270 (base 13) in base 10?
-429
96a (base 12) to base 13
820
Convert -221010 (base 3) to base 14.
-366
What is -fdd (base 16) in base 9?
-5512
What is -433001 (base 5) in base 3?
-202020100
-5040 (base 6) to base 4
-101100
Convert -12c (base 16) to base 5.
-2200
Convert 689 (base 14) to base 15.
5b7
What is -c7e (base 15) in base 16?
-b03
What is -2233023 (base 4) in base 5?
-324321
What is -20735 (base 12) in base 15?
-c8eb
-4010 (base 11) to base 7
-21361
Convert -10112223 (base 4) to base 14.
-66dd
Convert -451a (base 13) to base 16.
-25b8
433053 (base 6) to base 13
13311
2d9 (base 15) to base 9
806
What is -51c8 (base 13) in base 14?
-41a6
Convert d78 (base 14) to base 11.
1aa3
Convert -338 (base 13) to base 15.
-26e
-1011001101110 (base 2) to base 5
-140432
-36c (base 13) to base 5
-4342
Convert -930 (base 10) to base 11.
-776
What is 12140 (base 5) in base 10?
920
What is 352 (base 10) in base 4?
11200
What is 3cc7 (base 16) in base 7?
63235
What is -443 (base 16) in base 11?
-902
What is -1607 (base 8) in base 13?
-546
10201100 (base 3) to base 10
2709
What is 17343 (base 8) in base 11?
5a39
-11010011001 (base 2) to base 9
-2276
Convert 202200 (base 3) to base 12.
3a6
Convert -33126 (base 9) to base 15.
-67a0
-59621 (base 11) to base 13
-30163
Convert 1202133 (base 4) to base 7.
24243
31114 (base 5) to base 13
c06
Convert -42043 (base 6) to base 5.
-140033
Convert -2273 (base 11) to base 13.
-1487
Convert 131c (base 14) to base 